f 1503460?
6
What is the tens digit of 1030935?
3
What is the hundreds digit of 699501?
5
What is the hundreds digit of 42459?
4
What is the tens digit of 887883?
8
What is the units digit of 78831?
1
What is the units digit of 17942371?
1
What is the tens digit of 78553?
5
What is the thousands digit of 393255?
3
What is the ten thousands digit of 6995294?
9
What is the ten thousands digit of 932914?
3
What is the hundreds digit of 1734401?
4
What is the ten thousands digit of 87031?
8
What is the thousands digit of 13706725?
6
What is the ten thousands digit of 257464?
5
What is the thousands digit of 1749782?
9
What is the ten thousands digit of 1697168?
9
What is the units digit of 382487?
7
What is the ten thousands digit of 51902?
5
What is the thousands digit of 36855231?
5
What is the hundreds digit of 6961875?
8
What is the tens digit of 5427695?
9
What is the hundreds digit of 89757?
7
What is the hundreds digit of 228623?
6
What is the ten thousands digit of 5017938?
1
What is the units digit of 6480982?
2
What is the thousands digit of 944985?
4
What is the tens digit of 805894?
9
What is the millions digit of 1455169?
1
What is the hundreds digit of 933393?
3
What is the thousands digit of 454612?
4
What is the units digit of 209451?
1
What is the ten thousands digit of 1741533?
4
What is the hundreds digit of 838369?
3
What is the units digit of 609014?
4
What is the hundreds digit of 22253?
2
What is the units digit of 98698?
8
What is the ten millions digit of 16618223?
1
What is the hundreds digit of 256808?
8
What is the ten thousands digit of 268033?
6
What is the hundred thousands digit of 27359431?
3
What is the millions digit of 5394611?
5
What is the tens digit of 27495100?
0
What is the ten thousands digit of 127030?
2
What is the units digit of 6202361?
1
What is the ten thousands digit of 3163300?
6
What is the hundred thousands digit of 4826138?
8
What is the thousands digit of 658196?
8
What is the units digit of 649437?
7
What is the units digit of 1562425?
5
What is the hundred thousands digit of 674433?
6
What is the thousands digit of 676858?
6
What is the ten thousands digit of 224361?
2
What is the thousands digit of 667063?
7
What is the units digit of 9731719?
9
What is the tens digit of 635234?
3
What is the hundred thousands digit of 504065?
5
What is the units digit of 362539?
9
What is the ten thousands digit of 93486?
9
What is the ten thousands digit of 575709?
7
What is the hundreds digit of 294970?
9
What is the thousands digit of 197087?
7
What is the thousands digit of 18547893?
7
What is the units digit of 1357897?
7
What is the tens digit of 2259642?
4
What is the thousands digit of 93145?
3
What is the ten thousands digit of 91928?
9
What is the hundreds digit of 14573418?
4
What is the millions digit of 1260770?
1
What is the ten thousands digit of 2359613?
5
What is the tens digit of 407255?
5
What is the hundred thousands digit of 414140?
4
What is the millions digit of 1039033?
1
What is the thousands digit of 4008740?
8
What is the units digit of 794472?
2
What is the thousands digit of 15525163?
5
What is the tens digit of 411748?
4
What is the units digit of 2473344?
4
What is the thousands digit of 212902?
2
What is the thousands digit of 9576719?
6
What is the ten thousands digit of 104030?
0
What is the tens digit of 767072?
7
What is the ten thousands digit of 391665?
9
What is the hundreds digit of 239387?
3
What is the ten thousands digit of 288422?
8
What is the units digit of 89662?
2
What is the tens digit of 48252?
5
What is the hundred thousands digit of 39463512?
4
What is the ten thousands digit of 990136?
9
What is the millions digit of 2291405?
2
What is the units digit of 1528740?
0
What is the ten thousands digit of 730642?
3
What is the hundreds digit of 9915514?
5
What is the hundred thousands digit of 575784?
5
What is the hundred thousands digit of 2356434?
3
What is the hundred thousands digit of 3051938?
0
What is the ten thousands digit of 2141272?
4
What is the ten millions digit of 31166165?
3
What is the hundred thousands digit of 5641059?
6
What is the hundreds digit of 4718289?
2
What is the ten thousands digit of 6693173?
9
What is the units digit of 1864812?
2
What is the hundreds digit of 2877714?
7
What is the millions digit of 9379989?
9
What is the ten thousands digit of 149190?
4
What is the thousands digit of 29407823?
7
What is the millions digit of 9464607?
9
What is the tens digit of 19550880?
8
What is the units digit of 236201?
1
What is the units digit of 45602?
2
What is the tens digit of 843170?
7
What is the tens digit of 15424912?
1
What is the hundreds digit of 371424?
4
What is the hundreds digit of 13782403?
4
What is the units digit of 451917?
7
What is the thousands digit of 175063?
5
What is the hundred thousands digit of 1586619?
5
What is the millions digit of 3654602?
3
What is the thousands digit of 212057?
2
What is the tens digit of 1223493?
9
What is the ten thousands digit of 3927703?
2
What is the tens digit of 8682221?
2
What is the millions digit of 6586744?
6
What is the thousands digit of 28258?
8
What is the hundreds digit of 9579861?
8
What is the ten thousands digit of 117691?
1
What is the ten thousands digit of 4242370?
4
What is the hundreds digit of 5638358?
3
What is the tens digit of 571920?
2
What is the units digit of 3569023?
3
What is the units digit of 1310606?
6
What is the units digit of 10018?
8
What is the tens digit of 98337?
3
What is the units digit of 1621423?
3
What is the units digit of 127889?
9
What is the thousands digit of 1340070?
0
What is the ten thousands digit of 5816199?
1
What is the hundreds digit of 9577740?
7
What is the ten thousands digit of 872849?
7
What is the units digit of 3130317?
7
What is the hundreds digit of 1313945?
9
What is the ten thousands digit of 26531616?
3
What is the tens digit of 606760?
6
What is the thousands digit of 132815?
2
What is the units digit of 132298?
8
What is the ten thousands digit of 1052697?
5
What is the hundreds digit of 25576588?
5
What is the tens digit of 2563947?
4
What is the thousands digit of 350050?
0
What is the hundred thousands digit of 187162?
1
What is the tens digit of 22612201?
0
What is the hundred thousands digit of 9623099?
6
What is the tens digit of 388074?
7
What is the units digit of 12776743?
3
What is the units digit of 127894?
4
What is the millions digit of 1709217?
1
What is the hundreds digit of 119570?
5
What is the thousands digit of 18494920?
4
What is the hundred thousands digit of 243196?
2
What is the hundred thousands digit of 747802?
7
What is the tens digit of 6155928?
2
What is the ten thousands digit of 575888?
7
What is the tens digit of 39416?
1
What is the hundred thousands digit of 1914285?
9
What is the thousands digit of 7664183?
4
What is the ten thousands digit of 218798?
1
What is the tens digit of 1207151?
5
What is the units digit of 2566198?
8
What is the thousands digit of 68242?
8
What is the hundred thousands digit of 10977255?
9
What is the units digit of 224051?
1
What is the units digit of 670291?
1
What is the units digit of 1735918?
8
What is the units digit of 12398084?
4
What is the thousands digit of 1137362?
7
What is the ten thousands digit of 12550671?
5
What is the hundred thousands digit of 214885?
2
What is the units digit of 5492908?
8
What is the thousands digit of 8495381?
5
What is the ten thousands digit of 3521668?
2
What is the ten thousands digit of 865195?
6
What is the hundreds digit of 383231?
2
What is the tens digit of 3563441?
4
What is the units digit of 4621317?
7
What is the hundred thousands digit of 4942063?
9
What is the millions digit of 10839134?
0
What is the units digit of 675038?
8
What is the tens digit of 170516?
1
What is the tens digit of 80443?
4
What is the tens digit of 1133022?
2
What is the thousands digit of 748403?
8
What is the tens digit of 843975?
7
What is the units digit of 3537577?
7
What is the hundred thousands digit of 355101?
3
What is the ten thousands digit of 1792799?
9
What is the hundreds digit of 394416?
4
What is the units digit of 25147?
7
What is the hundreds digit of 159884?
8
What is the tens digit of 3593?
9
What is